or of 638 and l.
58
Let k be (69/(-15) + (-13)/65*-20)*-15. Calculate the highest common factor of 3798 and k.
9
Let d(q) be the third derivative of 7*q**5 + q**4/24 - q**3/2 + 13*q**2 - q. Let j be d(1). What is the greatest common divisor of j and 76?
38
Suppose 113*t = -151*t + 164*t + 1800. Let i(s) = 33*s**2 + 2*s - 3. Let h be i(-3). Calculate the greatest common divisor of t and h.
18
Let j(a) = 36*a - 1338. Let d be j(39). What is the highest common factor of 3729 and d?
33
Let a be (-2457704)/(-328) - 20/(-2). What is the highest common divisor of 366 and a?
183
Suppose 0 = 2172*s - 2191*s + 7790. What is the greatest common factor of 2542 and s?
82
Let v = 665 + -325. Let x = 347 - v. Calculate the highest common factor of x and 21.
7
Suppose -168*b + 280763 = 74*b - 61909. Calculate the greatest common divisor of 177 and b.
177
Suppose -13*l + 366 + 154 = 0. What is the greatest common factor of 1420 and l?
20
Suppose 182 = 29*t - 16*t. Calculate the greatest common divisor of t and 1694.
14
Suppose 69*w = -35*w + 5239 + 32617. Calculate the greatest common factor of 40 and w.
4
Let q be (30 - 24)*875/2. Calculate the highest common divisor of q and 21.
21
Let s(m) = m + 7. Let q be s(-5). Let a(o) = 6*o - 1. Let l be a(q). Suppose 6*t - 31*t = 20*t - 1485. What is the greatest common divisor of t and l?
11
Let h be (102 + 3)*4/3. Let t(s) = -23*s + 33. Let f be t(-4). Suppose -3*u = u - 3*y - f, 5*u + y = 180. Calculate the highest common factor of u and h.
35
Let d be (105/10)/((-6)/(-8)). Suppose -2180 - 16300 = -11*s. Suppose 6*c + s = d*c. Calculate the highest common divisor of 42 and c.
42
Suppose 0*b - 976 = -2*b. Let u = 125500 + -125492. Calculate the highest common factor of b and u.
8
Let s(b) = -b**2 - 24*b + 4. Let v be 1 + 216/(-15) + (-16)/(-40). Let f be s(v). Calculate the highest common divisor of f and 21.
21
Suppose 234*j - 60079 + 9769 = 0. Let g be (129/9)/((-3)/(-18)). Calculate the highest common factor of g and j.
43
Let n = 563 - 365. Let l be 10/4*12/(-15) - 3. Let j be 22 - ((-20)/l + -4). What is the greatest common factor of j and n?
22
Let v = 88 - 66. Suppose v*i + 81 = 807. What is the greatest common factor of i and 33?
33
Let r = 2589 - 1569. What is the greatest common factor of 40 and r?
20
Let p be 35/10*1912/14. Let m = p + -476. Let j = 2 - -5. What is the highest common divisor of j and m?
1
Let i be 210/(-5)*(-55 - -44). What is the highest common factor of 294 and i?
42
Let l be (-11)/((-8)/864*(-12 + 14)). What is the greatest common factor of 324 and l?
54
Let x be 31004/14 - ((-1088)/(-1120) - (-6)/(-15)). Calculate the highest common factor of x and 9.
9
Let r be 28340/(-36) - (-12)/54. Let t = -619 - r. What is the highest common divisor of t and 60?
12
Let q(t) = 478*t + 4264. Let m be q(11). What is the highest common divisor of m and 72?
18
Let g(c) = -5*c + 16. Let s be g(6). Let u be (-7)/s*-2*1/(-1). Let f = -4 + 9. What is the greatest common divisor of f and u?
1
Let q be 611280/13301 - 2/(-47). Let c(f) = -2 + 0 + 10*f**2 - 3 - 3*f. Let z be c(5). What is the greatest common divisor of q and z?
46
Suppose 3*c + 40 = -c. Let d = c + 16. Suppose -5*a - 2*k = -4*k - 44, 5*k - d = -2*a. Calculate the greatest common factor of 20 and a.
4
Suppose 0 = -37*w + 45*w + 728. Let c be (9 - 5)*w/(-14). What is the greatest common divisor of 91 and c?
13
Let x be 640/60*(-198)/(-44). Calculate the greatest common factor of 48 and x.
48
Suppose 19*j + 129 = 22*j. Calculate the highest common divisor of j and 344.
43
Suppose -5*w + 2*w = 4*g - 977, 4*w = -g + 228. Let h = -157 + g. What is the highest common divisor of h and 26?
13
Suppose 0 = -g - g + 512. Suppose 7*l = 1553 + 407. Let s = l + -248. Calculate the greatest common divisor of s and g.
32
Let q be 4/(-7) + 61472/952. Suppose -5*h + 0*o = -3*o - 55, 4*h - 2*o = 42. Calculate the highest common divisor of h and q.
8
Suppose s - 38 - 59 = -w, 0 = 4*w - s - 383. Let q = w - 102. Let v be q/18 + (-19)/(-3). What is the greatest common divisor of 9 and v?
3
Let p = 27 + -25. Let t be (-90)/(-15)*(-2)/(-3). Suppose -2*a + 64 = p*c + 2*a, -5*a - 89 = -t*c. Calculate the highest common factor of 78 and c.
26
Let h = -254 - -530. What is the greatest common factor of h and 69?
69
Suppose 4*n - 7976 = 2*t + 2*t, -4*n + 9966 = -5*t. Let o be (t/(-4) - 4/(-8)) + 6. What is the highest common divisor of 56 and o?
56
Let j(m) = m**2 - 25*m - 26. Let l be j(62). What is the highest common divisor of l and 420?
84
Suppose -5*c - 1 = -5*m - 6, -4*m + 2*c = 10. Let r be -5*m*(-1)/(-2). What is the greatest common factor of r and 5?
5
Suppose -358 + 2895 = 23*o + 7. What is the greatest common divisor of o and 21890?
110
Suppose -18*w + 19 = 105 - 518. Suppose -i = -2*t + 23, 4*t - 4*i - 13 - 23 = 0. Suppose -32 = -t*g + w. Calculate the highest common factor of 64 and g.
4
Let n = -26132 + 26191. What is the greatest common divisor of n and 12154?
59
Let q be 1/(-18) - (-11620896)/1728. Calculate the highest common factor of 25 and q.
25
Suppose o + 5*w + 8 = w, w = -3. Suppose 2*f - 3*f - 3*c = -16, o*f = -c + 97. What is the highest common factor of f and 400?
25
Let l be 18/(-6)*(30/9 + -2). Let h(c) = -c**2 - 2*c + 6. Let n be h(l). Let z be 10 - ((n/1 - 2) + 7). What is the greatest common divisor of 1 and z?
1
Suppose 5*x - 25 = 0, 15*x + 2189 = -3*f + 10*x. Let w be 60/24 + f/(-4). Calculate the highest common divisor of 51 and w.
17
Let v be (-5)/(-4) + 8904/96. What is the greatest common factor of 2867 and v?
47
Let w be 2/(-6) + (-65)/(-15). Suppose 4*a + 0 = -w*r + 76, -4 = -a + 2*r. What is the greatest common divisor of a and 126?
14
Suppose -4 = -8*h + 9*h, -2*h = -5*q + 63. Let x = -1266 - -2146. What is the greatest common factor of x and q?
11
Let u = -1 + 2. Let h(g) be the first derivative of 46*g**3/3 - g - 2139. Let y be h(u). Calculate the greatest common divisor of y and 5.
5
Let n be 1*239/1 - -1. Suppose 38975*q = 38970*q + 75. Calculate the greatest common factor of q and n.
15
Suppose 17*x - 427 = -2*l + 14*x, -2*x + 842 = 4*l. Suppose 3*i = -u + 7, 3*u = -i - 2*i + 45. What is the highest common divisor of u and l?
19
Suppose -1105 = 4*c - 1145. Let n be (234/(-10))/(-13)*c/3. Calculate the greatest common divisor of n and 3.
3
Suppose -4 = -2*v + 4, -4*v + 1344 = 4*q. Let b = q + -282. What is the highest common divisor of 75 and b?
25
Suppose -4*x + 0*x = 16. Let f be 32/(-6) - x/3. Let b(a) = -4*a**3 - 5*a**2 - 5*a + 4. Let i be b(f). Calculate the highest common factor of 25 and i.
25
Let k = -20017 + 20046. Calculate the greatest common factor of 30827 and k.
29
Let w be (-3 - 2) + (12 - -301668)/16. What is the greatest common factor of w and 13?
13
Suppose 4*z - 14 = 3*z + 2*k, -2*z + 32 = -3*k. Suppose -3*s + 4*m = -z, -1 = -2*s + 4*m + 11. What is the highest common factor of 130 and s?
10
Let l(r) = r - 9. Let g be l(22). Let f be (0 - (-7 - -3)/4) + g. Calculate the greatest common factor of f and 238.
14
Let v be -3 + (-8)/(-3)*(1 + 20). Let j = v - 48. Let q be -1 - (-13 + 9/(-3)). What is the greatest common factor of j and q?
5
Let d = 2209 - 2162. Calculate the highest common factor of 2021 and d.
47
Let g(m) = -1625*m**3 + 2*m**2 - 2*m + 1. Let z be g(1). Let l be 4*-2*435/40. Let p be (-6)/(-4)*z/l. What is the greatest common divisor of p and 4?
4
Let g be ((-2)/3)/((-24)/18)*50. Suppose -3*z + t + 36 = -3*t, -4*z + 5*t = -49. Let o = g - z. What is the highest common factor of 1 and o?
1
Let m = -478 - -1353. What is the highest common factor of 105 and m?
35
Let l = -96 - -104. Suppose -l*g + 15 + 97 = 0. Suppose y + 2*y - 31 = -2*u, -4*u - 5*y + 61 = 0. What is the greatest common divisor of u and g?
14
Let f(k) = -k**3 - 5*k**2 + 2*k - 6. Let v be f(-6). Let m be (-277)/(-9) + 4/v. Suppose -12*s + 470 = 98. Calculate the greatest common factor of m and s.
31
Let c(a) = -18*a - 4. Let w be c(-8). Let h = -84 + w. Let l = 28922 + -28908. What is the highest common divisor of h and l?
14
Let p = -14111 + 14266. What is the greatest common divisor of p and 6386?
31
Suppose -33 - 11 = -r + 2*l, -3*r + 2*l + 104 = 0. Calculate the highest common divisor of 735 and r.
15
Suppose 55*z - 52*z = -2*